
2, 40980001
List the prime factors of 1504408419.
3, 37, 67, 67429
What are the prime factors of 26009751?
3, 2029, 4273
What are the prime factors of 313856519?
313856519
List the prime factors of 5162655789.
3, 573628421
List the prime factors of 5460612528.
2, 3, 7, 23, 100943
What are the prime factors of 920113094?
2, 97, 1429, 3319
List the prime factors of 50382994.
2, 73, 345089
What are the prime factors of 12685601?
433, 29297
What are the prime factors of 39166000?
2, 5, 19583
List the prime factors of 10775159.
10775159
What are the prime factors of 2044231886?
2, 1447, 706369
What are the prime factors of 120316648?
2, 929, 16189
What are the prime factors of 2272930717?
2272930717
List the prime factors of 9668988.
2, 3, 7, 17, 37, 61
List the prime factors of 223694977.
11, 31, 67, 9791
What are the prime factors of 843223251?
3, 13, 3167, 6827
List the prime factors of 701680392.
2, 3, 7, 59, 3371
What are the prime factors of 17637257?
11, 41, 39107
List the prime factors of 137320202.
2, 68660101
What are the prime factors of 148966717?
139, 1071703
List the prime factors of 918459965.
5, 183691993
List the prime factors of 16394917.
7, 11, 149, 1429
What are the prime factors of 693832503?
3, 7, 13, 67, 5419
List the prime factors of 3433588308.
2, 3, 37, 59, 43691
What are the prime factors of 779428154?
2, 73, 5338549
What are the prime factors of 180583154?
2, 97, 930841
What are the prime factors of 26460582?
2, 3, 4410097
List the prime factors of 1403623682.
2, 701811841
What are the prime factors of 592057644?
2, 3, 131, 376627
What are the prime factors of 297369057?
3, 19, 274579
What are the prime factors of 493863606?
2, 3, 27436867
List the prime factors of 1284545472.
2, 3, 7, 101, 9463
List the prime factors of 128168058.
2, 3, 601, 35543
What are the prime factors of 397302046?
2, 19, 23, 454579
List the prime factors of 70353736.
2, 47, 187111
List the prime factors of 5178238.
2, 13, 277, 719
List the prime factors of 5824978.
2, 409, 7121
List the prime factors of 89296192.
2, 61, 89, 257
List the prime factors of 302650104.
2, 3, 12610421
What are the prime factors of 1484657627?
163, 1543, 5903
List the prime factors of 49138100.
2, 5, 11, 31, 131
List the prime factors of 201189905.
5, 7, 37, 43, 3613
List the prime factors of 990790651.
17, 58281803
List the prime factors of 74718597.
3, 3109, 8011
List the prime factors of 398696253.
3, 47, 2827633
List the prime factors of 119044922.
2, 59522461
List the prime factors of 2038500698.
2, 13, 4903, 15991
What are the prime factors of 35945622?
2, 3, 1996979
What are the prime factors of 28621261?
47, 61, 67, 149
What are the prime factors of 26903582?
2, 19, 67, 10567
What are the prime factors of 51646072?
2, 199, 32441
What are the prime factors of 59500045?
5, 11, 233, 4643
What are the prime factors of 40398754?
2, 11, 97, 1721
What are the prime factors of 3010902719?
11, 273718429
What are the prime factors of 6582794224?
2, 411424639
List the prime factors of 58135953.
3, 19, 383, 2663
What are the prime factors of 620148720?
2, 3, 5, 1399, 1847
List the prime factors of 262931254.
2, 47, 73, 38317
List the prime factors of 1978165034.
2, 43, 23001919
What are the prime factors of 2595393286?
2, 10337, 125539
What are the prime factors of 53717449?
43, 1249243
What are the prime factors of 29758883?
7, 11, 19, 20341
What are the prime factors of 42578177?
29, 1468213
List the prime factors of 264823583.
4673, 56671
List the prime factors of 387342096.
2, 3, 29, 463, 601
List the prime factors of 5991309884.
2, 7, 43, 4976171
What are the prime factors of 227236925?
5, 9089477
List the prime factors of 1151994396.
2, 3, 7, 19, 601, 1201
What are the prime factors of 3634704549?
3, 7, 19231241
List the prime factors of 1207343649.
3, 79, 103, 49459
List the prime factors of 8658055.
5, 7, 35339
What are the prime factors of 52006139?
52006139
List the prime factors of 207504649.
11, 41, 460099
What are the prime factors of 682664633?
7, 23, 59, 71867
What are the prime factors of 386286697?
37, 443, 23567
What are the prime factors of 1146927709?
97, 1289, 9173
What are the prime factors of 23359327?
23359327
What are the prime factors of 65758599?
3, 103, 70937
What are the prime factors of 917092804?
2, 37, 1867, 3319
What are the prime factors of 20263583?
487, 41609
List the prime factors of 5467110273.
3, 41, 1787, 8291
List the prime factors of 788898423.
3, 37, 409, 17377
List the prime factors of 196673353.
563, 349331
List the prime factors of 12210651.
3, 71, 97, 197
What are the prime factors of 103271449?
23, 4490063
List the prime factors of 1175910041.
461, 643, 3967
List the prime factors of 330313597.
61, 181, 29917
What are the prime factors of 46385938?
2, 37, 626837
What are the prime factors of 131644030?
2, 5, 7, 41, 45869
What are the prime factors of 2351392895?
5, 233, 1361, 1483
List the prime factors of 30329483.
103, 294461
List the prime factors of 68374023.
3, 1061, 21481
What are the prime factors of 503843750?
2, 5, 23, 701
List the prime factors of 22527182.
2, 1933, 5827
List the prime factors of 87087964.
2, 127, 251, 683
List the prime factors of 4359072253.
4359072253
What are the prime factors of 73335054?
2, 3, 13, 61, 15413
List the prime factors of 6666148351.
23, 331, 875627
What are the prime factors of 142300559?
3221, 44179
What are the prime factors of 53257681?
53257681
What are the prime factors of 7904603060?
2, 5, 19, 281, 74027
List the prime factors of 94080385.
5, 7, 1103, 2437
List the prime factors of 217147466.
2, 19, 53, 137, 787
What are the prime factors of 1403145416?
2, 175393177
List the prime factors of 600591648.
2, 3, 1471, 4253
List the prime factors of 1882228943.
7, 23, 41, 313, 911
List the prime factors of 2696075173.
11, 317, 70289
List the prime factors of 302549877.
3, 7, 1600793
What are the prime factors of 62629297?
62629297
List the prime factors of 42241426.
2, 21120713
What are the prime factors of 3877497942?
2, 3, 523, 1235659
List the prime factors of 746599110.
2, 3, 5, 19, 43, 83, 367
What are the prime factors of 829720963?
61, 79, 167, 1031
What are the prime factors of 170353502?
2, 11, 23, 336667
What are the prime factors of 649627377?
3, 7, 67, 397, 1163
List the prime factors of 524888790.
2, 3, 5, 17496293
List the prime factors of 86747331.
3, 11, 19, 31, 4463
What are the prime factors of 425886279?
3, 7, 13, 1560023
List the prime factors of 267450014.
2, 13, 887, 11597
What are the prime factors of 409879209?
3, 673, 203011
List the prime factors of 463222172.
2, 7, 2087, 7927
What are the prime factors of 4972526646?
2, 3, 1847, 448703
List the prime factors of 89134363.
659, 135257
What are the prime factors of 447720893?
447720893
What are the prime factors of 925934262?
2, 3, 11, 14029307
List the prime factors of 549581548.
2, 41, 3351107
What are the prime factors of 260252215?
5, 19, 41, 109, 613
What are the prime factors of 50028611?
23, 523, 4159
What are the prime factors of 232953183?
3, 25883687
List the prime factors of 354039162.
2, 3, 37, 1594771
List the prime factors of 66893549.
47, 827, 1721
What are the prime factors of 333950077?
653, 511409
What are the prime factors of 66516367?
8093, 8219
What are the prime factors of 2188115275?
5, 71, 389, 3169
List the prime factors of 254235538.
2, 127117769
List the prime factors of 13980653.
13980653
List the prime factors of 430370928.
2, 3, 13, 197, 389
What are the prime factors of 1914124954?
2, 7, 136723211
List the prime factors of 207416556.
2, 3, 1091, 5281
List the prime factors of 2491924263.
3, 19037, 43633
List the prime factors of 147749773.
41, 107, 33679
List the prime factors of 352773025.
5, 11, 31, 41381
List the prime factors of 563969002.
2, 997, 282833
List the prime factors of 166901403.
3, 55633801
What are the prime factors of 90325086?
2, 3, 15054181
List the prime factors of 309067332.
2, 3, 7, 3679373
What are the prime factors of 59042870?
2, 5, 17, 41, 43, 197
List the prime factors of 77145217.
77145217
List the prime factors of 61139643.
3, 101, 201781
List the prime factors of 265637723.
13, 271, 75401
What are the prime factors of 3228979280?
2, 5, 40362